{"id":22663,"date":"2025-11-04T15:24:13","date_gmt":"2025-11-04T15:24:13","guid":{"rendered":"https:\/\/litoralregas.com\/site\/?page_id=22663"},"modified":"2026-03-03T17:12:23","modified_gmt":"2026-03-03T17:12:23","slug":"comunicacoes-via-radio","status":"publish","type":"page","link":"https:\/\/litoralregas.com\/site\/comunicacoes-via-radio\/","title":{"rendered":"Comunica\u00e7\u00f5es Via R\u00e1dio"},"content":{"rendered":"\t\t<div data-elementor-type=\"wp-page\" data-elementor-id=\"22663\" class=\"elementor elementor-22663\" data-elementor-post-type=\"page\">\n\t\t\t\t<div class=\"elementor-element elementor-element-bd97ea1 e-con-full e-flex e-con e-parent\" data-id=\"bd97ea1\" data-element_type=\"container\" data-settings=\"{&quot;background_background&quot;:&quot;gradient&quot;}\">\n\t\t\t\t<div class=\"elementor-element elementor-element-c873a91 elementor-widget__width-initial e-transform elementor-widget elementor-widget-heading\" data-id=\"c873a91\" data-element_type=\"widget\" data-settings=\"{&quot;_transform_skewX_effect&quot;:{&quot;unit&quot;:&quot;px&quot;,&quot;size&quot;:0,&quot;sizes&quot;:[]},&quot;_transform_skewX_effect_tablet&quot;:{&quot;unit&quot;:&quot;deg&quot;,&quot;size&quot;:&quot;&quot;,&quot;sizes&quot;:[]},&quot;_transform_skewX_effect_mobile&quot;:{&quot;unit&quot;:&quot;deg&quot;,&quot;size&quot;:&quot;&quot;,&quot;sizes&quot;:[]},&quot;_transform_skewY_effect&quot;:{&quot;unit&quot;:&quot;px&quot;,&quot;size&quot;:&quot;&quot;,&quot;sizes&quot;:[]},&quot;_transform_skewY_effect_tablet&quot;:{&quot;unit&quot;:&quot;deg&quot;,&quot;size&quot;:&quot;&quot;,&quot;sizes&quot;:[]},&quot;_transform_skewY_effect_mobile&quot;:{&quot;unit&quot;:&quot;deg&quot;,&quot;size&quot;:&quot;&quot;,&quot;sizes&quot;:[]}}\" data-widget_type=\"heading.default\">\n\t\t\t\t\t<h1 class=\"elementor-heading-title elementor-size-default\">Comunica\u00e7\u00f5es Via R\u00e1dio<\/h1>\t\t\t\t<\/div>\n\t\t\t\t<div class=\"elementor-element elementor-element-57e3622 elementor-widget__width-initial elementor-widget elementor-widget-text-editor\" data-id=\"57e3622\" data-element_type=\"widget\" data-widget_type=\"text-editor.default\">\n\t\t\t\t\t\t\t\t\t<p>O sistema de Comunica\u00e7\u00e3o Via R\u00e1dio Hidrotek oferece uma conectividade sem fios de longo alcance, projetada para integrar sensores e atuadores em \u00e1reas onde a instala\u00e7\u00e3o de cablagem \u00e9 invi\u00e1vel ou dispendiosa. Utilizando frequ\u00eancias de r\u00e1dio robustas com tecnologia de salto de frequ\u00eancia, este sistema garante uma transmiss\u00e3o de dados est\u00e1vel e imune a interfer\u00eancias, mesmo em ambientes com estruturas met\u00e1licas densas como as das estufas. \u00c9 a solu\u00e7\u00e3o perfeita para centralizar o controlo de m\u00faltiplos setores de cultivo num \u00fanico controlador, permitindo a gest\u00e3o em tempo real da ventila\u00e7\u00e3o, rega e monitoriza\u00e7\u00e3o ambiental sem barreiras f\u00edsicas.<\/p>\t\t\t\t\t\t\t\t<\/div>\n\t\t<div class=\"elementor-element elementor-element-5717267 e-flex e-con-boxed e-con e-child\" data-id=\"5717267\" data-element_type=\"container\">\n\t\t\t\t\t<div class=\"e-con-inner\">\n\t\t<div class=\"elementor-element elementor-element-f9a48a1 e-con-full e-flex e-con e-child\" data-id=\"f9a48a1\" data-element_type=\"container\">\n\t\t\t\t<div class=\"elementor-element elementor-element-82db32e elementor-align-justify elementor-widget__width-initial elementor-widget elementor-widget-button\" data-id=\"82db32e\" data-element_type=\"widget\" data-widget_type=\"button.default\">\n\t\t\t\t\t\t\t\t\t\t<a class=\"elementor-button elementor-button-link elementor-size-sm\" href=\"https:\/\/litoralregas.com\/site\/transmissor-recetor-master\/\">\n\t\t\t\t\t\t<span class=\"elementor-button-content-wrapper\">\n\t\t\t\t\t\t<span class=\"elementor-button-icon\">\n\t\t\t\t<svg xmlns=\"http:\/\/www.w3.org\/2000\/svg\" viewBox=\"0 0 24 24\" width=\"24\" height=\"24\"><path fill=\"none\" d=\"M0 0h24v24H0z\"><\/path><path d=\"M13.172 12l-4.95-4.95 1.414-1.414L16 12l-6.364 6.364-1.414-1.414z\"><\/path><\/svg>\t\t\t<\/span>\n\t\t\t\t\t\t\t\t\t<span class=\"elementor-button-text\">Transmissor\/Receptor Master<\/span>\n\t\t\t\t\t<\/span>\n\t\t\t\t\t<\/a>\n\t\t\t\t\t\t\t\t<\/div>\n\t\t\t\t<div class=\"elementor-element elementor-element-9290de8 elementor-align-justify elementor-widget__width-initial elementor-widget elementor-widget-button\" data-id=\"9290de8\" data-element_type=\"widget\" data-widget_type=\"button.default\">\n\t\t\t\t\t\t\t\t\t\t<a class=\"elementor-button elementor-button-link elementor-size-sm\" href=\"https:\/\/litoralregas.com\/site\/modulo-de-ativacao-saidas\/\">\n\t\t\t\t\t\t<span class=\"elementor-button-content-wrapper\">\n\t\t\t\t\t\t<span class=\"elementor-button-icon\">\n\t\t\t\t<svg xmlns=\"http:\/\/www.w3.org\/2000\/svg\" viewBox=\"0 0 24 24\" width=\"24\" height=\"24\"><path fill=\"none\" d=\"M0 0h24v24H0z\"><\/path><path d=\"M13.172 12l-4.95-4.95 1.414-1.414L16 12l-6.364 6.364-1.414-1.414z\"><\/path><\/svg>\t\t\t<\/span>\n\t\t\t\t\t\t\t\t\t<span class=\"elementor-button-text\">M\u00f3dulo Ativa\u00e7\u00e3o Sa\u00eddas<\/span>\n\t\t\t\t\t<\/span>\n\t\t\t\t\t<\/a>\n\t\t\t\t\t\t\t\t<\/div>\n\t\t\t\t<div class=\"elementor-element elementor-element-3c670b6 elementor-align-justify elementor-widget__width-initial elementor-widget elementor-widget-button\" data-id=\"3c670b6\" data-element_type=\"widget\" data-widget_type=\"button.default\">\n\t\t\t\t\t\t\t\t\t\t<a class=\"elementor-button elementor-button-link elementor-size-sm\" href=\"https:\/\/litoralregas.com\/site\/modulo-repetidor\/\">\n\t\t\t\t\t\t<span class=\"elementor-button-content-wrapper\">\n\t\t\t\t\t\t<span class=\"elementor-button-icon\">\n\t\t\t\t<svg xmlns=\"http:\/\/www.w3.org\/2000\/svg\" viewBox=\"0 0 24 24\" width=\"24\" height=\"24\"><path fill=\"none\" d=\"M0 0h24v24H0z\"><\/path><path d=\"M13.172 12l-4.95-4.95 1.414-1.414L16 12l-6.364 6.364-1.414-1.414z\"><\/path><\/svg>\t\t\t<\/span>\n\t\t\t\t\t\t\t\t\t<span class=\"elementor-button-text\">M\u00f3dulo Repetidor<\/span>\n\t\t\t\t\t<\/span>\n\t\t\t\t\t<\/a>\n\t\t\t\t\t\t\t\t<\/div>\n\t\t\t\t<div class=\"elementor-element elementor-element-8735f34 elementor-align-justify elementor-widget__width-initial elementor-widget elementor-widget-button\" data-id=\"8735f34\" data-element_type=\"widget\" data-widget_type=\"button.default\">\n\t\t\t\t\t\t\t\t\t\t<a class=\"elementor-button elementor-button-link elementor-size-sm\" href=\"https:\/\/litoralregas.com\/site\/modulo-expansao\/\">\n\t\t\t\t\t\t<span class=\"elementor-button-content-wrapper\">\n\t\t\t\t\t\t<span class=\"elementor-button-icon\">\n\t\t\t\t<svg xmlns=\"http:\/\/www.w3.org\/2000\/svg\" viewBox=\"0 0 24 24\" width=\"24\" height=\"24\"><path fill=\"none\" d=\"M0 0h24v24H0z\"><\/path><path d=\"M13.172 12l-4.95-4.95 1.414-1.414L16 12l-6.364 6.364-1.414-1.414z\"><\/path><\/svg>\t\t\t<\/span>\n\t\t\t\t\t\t\t\t\t<span class=\"elementor-button-text\">M\u00f3dulo de Expans\u00e3o<\/span>\n\t\t\t\t\t<\/span>\n\t\t\t\t\t<\/a>\n\t\t\t\t\t\t\t\t<\/div>\n\t\t\t\t<\/div>\n\t\t<div class=\"elementor-element elementor-element-0505ee5 e-con-full e-flex e-con e-child\" data-id=\"0505ee5\" data-element_type=\"container\">\n\t\t\t\t<div class=\"elementor-element elementor-element-cb817ac elementor-widget__width-initial elementor-widget elementor-widget-image\" data-id=\"cb817ac\" data-element_type=\"widget\" data-widget_type=\"image.default\">\n\t\t\t\t\t\t\t\t\t\t\t\t\t\t\t<img decoding=\"async\" src=\"https:\/\/litoralregas.com\/site\/wp-content\/uploads\/2025\/10\/ESQUEMA-VIA-RADIO-LORA-scaled.jpg\" title=\"ESQUEMA VIA RADIO LORA\" alt=\"ESQUEMA VIA RADIO LORA\" loading=\"lazy\" \/>\t\t\t\t\t\t\t\t\t\t\t\t\t\t\t<\/div>\n\t\t\t\t<\/div>\n\t\t\t\t\t<\/div>\n\t\t\t\t<\/div>\n\t\t\t\t<div class=\"elementor-element elementor-element-dc1b095 elementor-widget__width-initial elementor-widget elementor-widget-spacer\" data-id=\"dc1b095\" data-element_type=\"widget\" data-widget_type=\"spacer.default\">\n\t\t\t\t\t\t\t<div class=\"elementor-spacer\">\n\t\t\t<div class=\"elementor-spacer-inner\"><\/div>\n\t\t<\/div>\n\t\t\t\t\t\t<\/div>\n\t\t\t\t<\/div>\n\t\t\t\t<\/div>\n\t\t","protected":false},"excerpt":{"rendered":"<p>Comunica\u00e7\u00f5es Via R\u00e1dio O sistema de Comunica\u00e7\u00e3o Via R\u00e1dio Hidrotek oferece uma conectividade sem fios de longo alcance, projetada para integrar sensores e atuadores em \u00e1reas onde a instala\u00e7\u00e3o de cablagem \u00e9 invi\u00e1vel ou dispendiosa. Utilizando frequ\u00eancias de r\u00e1dio robustas com tecnologia de salto de frequ\u00eancia, este sistema garante uma transmiss\u00e3o de dados est\u00e1vel e&hellip;<\/p>\n","protected":false},"author":1,"featured_media":0,"parent":0,"menu_order":10,"comment_status":"closed","ping_status":"closed","template":"elementor_header_footer","meta":{"inline_featured_image":false,"footnotes":""},"class_list":["post-22663","page","type-page","status-publish","hentry"],"_links":{"self":[{"href":"https:\/\/litoralregas.com\/site\/wp-json\/wp\/v2\/pages\/22663","targetHints":{"allow":["GET"]}}],"collection":[{"href":"https:\/\/litoralregas.com\/site\/wp-json\/wp\/v2\/pages"}],"about":[{"href":"https:\/\/litoralregas.com\/site\/wp-json\/wp\/v2\/types\/page"}],"author":[{"embeddable":true,"href":"https:\/\/litoralregas.com\/site\/wp-json\/wp\/v2\/users\/1"}],"replies":[{"embeddable":true,"href":"https:\/\/litoralregas.com\/site\/wp-json\/wp\/v2\/comments?post=22663"}],"version-history":[{"count":113,"href":"https:\/\/litoralregas.com\/site\/wp-json\/wp\/v2\/pages\/22663\/revisions"}],"predecessor-version":[{"id":27235,"href":"https:\/\/litoralregas.com\/site\/wp-json\/wp\/v2\/pages\/22663\/revisions\/27235"}],"wp:attachment":[{"href":"https:\/\/litoralregas.com\/site\/wp-json\/wp\/v2\/media?parent=22663"}],"curies":[{"name":"wp","href":"https:\/\/api.w.org\/{rel}","templated":true}]}}